{"id":1650,"date":"2019-08-08T02:14:40","date_gmt":"2019-08-08T02:14:40","guid":{"rendered":"https:\/\/phox.whmcsdes.com\/startup\/?page_id=13"},"modified":"2024-11-21T20:19:33","modified_gmt":"2024-11-22T01:19:33","slug":"home-2","status":"publish","type":"page","link":"https:\/\/papestro.com\/","title":{"rendered":"Home2"},"content":{"rendered":"\t\t<div data-elementor-type=\"wp-post\" data-elementor-id=\"1650\" class=\"elementor elementor-1650\">\n\t\t\t\t\t\t<section class=\"elementor-section elementor-top-section elementor-element elementor-element-4391d750 elementor-section-height-min-height elementor-section-boxed elementor-section-height-default elementor-section-items-middle\" data-id=\"4391d750\" data-element_type=\"section\">\n\t\t\t\t\t\t<div class=\"elementor-container elementor-column-gap-default\">\n\t\t\t\t\t<div class=\"elementor-column elementor-col-50 elementor-top-column elementor-element elementor-element-4351b40b\" data-id=\"4351b40b\" data-element_type=\"column\">\n\t\t\t<div class=\"elementor-widget-wrap elementor-element-populated\">\n\t\t\t\t\t\t<div class=\"elementor-element elementor-element-2029c476 elementor-widget__width-initial elementor-widget elementor-widget-wdes-section-header-widget\" data-id=\"2029c476\" data-element_type=\"widget\" data-widget_type=\"wdes-section-header-widget.default\">\n\t\t\t\t<div class=\"elementor-widget-container\">\n\t\t\t<section class=\"widget-content wdes-widget-section-header\"><div class=\"wdes-widget-inner wdes-text-align-right \"><h1 class=\"wdes-section-header-primary\">P\u00e1ginas Web, Tiendas Online,\nHosting & Email<\/h1><div class=\"wdes-section-header-description\"><p>Comience r\u00e1pida y f\u00e1cilmente con su propia P\u00e1gina Web o Tienda Online<\/p><\/div><\/div><\/section>\t\t<\/div>\n\t\t\t\t<\/div>\n\t\t\t\t\t<\/div>\n\t\t<\/div>\n\t\t\t\t<div class=\"elementor-column elementor-col-50 elementor-top-column elementor-element elementor-element-33ea2244\" data-id=\"33ea2244\" data-element_type=\"column\">\n\t\t\t<div class=\"elementor-widget-wrap elementor-element-populated\">\n\t\t\t\t\t\t<div class=\"elementor-element elementor-element-1758dfbc elementor-widget__width-initial elementor-invisible elementor-widget elementor-widget-image\" data-id=\"1758dfbc\" data-element_type=\"widget\" data-settings=\"{&quot;_animation&quot;:&quot;fadeInRight&quot;}\" data-widget_type=\"image.default\">\n\t\t\t\t<div class=\"elementor-widget-container\">\n\t\t\t\t\t\t\t\t\t\t\t\t\t<img fetchpriority=\"high\" decoding=\"async\" width=\"1013\" height=\"1024\" src=\"https:\/\/papestro.com\/wp-content\/uploads\/2024\/11\/banner-home_kreativohost-1013x1024.webp\" class=\"attachment-large size-large wp-image-1721\" alt=\"\" srcset=\"https:\/\/papestro.com\/wp-content\/uploads\/2024\/11\/banner-home_kreativohost-1013x1024.webp 1013w, https:\/\/papestro.com\/wp-content\/uploads\/2024\/11\/banner-home_kreativohost-scaled-100x100.webp 100w, https:\/\/papestro.com\/wp-content\/uploads\/2024\/11\/banner-home_kreativohost-scaled-416x421.webp 416w, https:\/\/papestro.com\/wp-content\/uploads\/2024\/11\/banner-home_kreativohost-297x300.webp 297w, https:\/\/papestro.com\/wp-content\/uploads\/2024\/11\/banner-home_kreativohost-768x777.webp 768w, https:\/\/papestro.com\/wp-content\/uploads\/2024\/11\/banner-home_kreativohost-1519x1536.webp 1519w, https:\/\/papestro.com\/wp-content\/uploads\/2024\/11\/banner-home_kreativohost-2025x2048.webp 2025w\" sizes=\"(max-width: 1013px) 100vw, 1013px\" \/>\t\t\t\t\t\t\t\t\t\t\t\t\t<\/div>\n\t\t\t\t<\/div>\n\t\t\t\t\t<\/div>\n\t\t<\/div>\n\t\t\t\t\t<\/div>\n\t\t<\/section>\n\t\t\t\t<section class=\"elementor-section elementor-top-section elementor-element elementor-element-14191b9e elementor-section-boxed elementor-section-height-default elementor-section-height-default\" data-id=\"14191b9e\" data-element_type=\"section\" id=\"hosting\" data-settings=\"{&quot;background_background&quot;:&quot;classic&quot;}\">\n\t\t\t\t\t\t<div class=\"elementor-container elementor-column-gap-default\">\n\t\t\t\t\t<div class=\"elementor-column elementor-col-100 elementor-top-column elementor-element elementor-element-495d4da8\" data-id=\"495d4da8\" data-element_type=\"column\" data-settings=\"{&quot;background_background&quot;:&quot;classic&quot;}\">\n\t\t\t<div class=\"elementor-widget-wrap elementor-element-populated\">\n\t\t\t\t\t\t<section class=\"elementor-section elementor-inner-section elementor-element elementor-element-722daa4d elementor-section-boxed elementor-section-height-default elementor-section-height-default\" data-id=\"722daa4d\" data-element_type=\"section\" data-settings=\"{&quot;background_background&quot;:&quot;classic&quot;}\">\n\t\t\t\t\t\t<div class=\"elementor-container elementor-column-gap-default\">\n\t\t\t\t\t<div class=\"elementor-column elementor-col-50 elementor-inner-column elementor-element elementor-element-68fd5ffb search\" data-id=\"68fd5ffb\" data-element_type=\"column\" data-settings=\"{&quot;background_background&quot;:&quot;classic&quot;}\">\n\t\t\t<div class=\"elementor-widget-wrap elementor-element-populated\">\n\t\t\t\t\t\t<div class=\"elementor-element elementor-element-e41c34e elementor-widget__width-auto elementor-absolute elementor-hidden-mobile elementor-invisible elementor-widget elementor-widget-image\" data-id=\"e41c34e\" data-element_type=\"widget\" data-settings=\"{&quot;_position&quot;:&quot;absolute&quot;,&quot;_animation&quot;:&quot;bounceInUp&quot;}\" data-widget_type=\"image.default\">\n\t\t\t\t<div class=\"elementor-widget-container\">\n\t\t\t\t\t\t\t\t\t\t\t\t\t<img decoding=\"async\" src=\"https:\/\/papestro.com\/wp-content\/uploads\/2024\/11\/domian-form-icon.png\" title=\"domian-form-icon.png\" alt=\"domian-form-icon.png\" loading=\"lazy\" \/>\t\t\t\t\t\t\t\t\t\t\t\t\t<\/div>\n\t\t\t\t<\/div>\n\t\t\t\t\t<\/div>\n\t\t<\/div>\n\t\t\t\t<div class=\"elementor-column elementor-col-50 elementor-inner-column elementor-element elementor-element-497e09cd\" data-id=\"497e09cd\" data-element_type=\"column\">\n\t\t\t<div class=\"elementor-widget-wrap elementor-element-populated\">\n\t\t\t\t\t\t<div class=\"elementor-element elementor-element-33a5a2e4 elementor-invisible elementor-widget elementor-widget-heading\" data-id=\"33a5a2e4\" data-element_type=\"widget\" data-settings=\"{&quot;_animation&quot;:&quot;slideInLeft&quot;}\" data-widget_type=\"heading.default\">\n\t\t\t\t<div class=\"elementor-widget-container\">\n\t\t\t<h3 class=\"elementor-heading-title elementor-size-default\">Encuentre Tu Dominio<\/h3>\t\t<\/div>\n\t\t\t\t<\/div>\n\t\t\t\t<div class=\"elementor-element elementor-element-4d382af5 elementor-invisible elementor-widget elementor-widget-text-editor\" data-id=\"4d382af5\" data-element_type=\"widget\" data-settings=\"{&quot;_animation&quot;:&quot;slideInRight&quot;}\" data-widget_type=\"text-editor.default\">\n\t\t\t\t<div class=\"elementor-widget-container\">\n\t\t\t\t\t\t\t<p>Cree su identidad en l\u00ednea con el nombre de dominio perfecto.<\/p>\t\t\t\t\t\t<\/div>\n\t\t\t\t<\/div>\n\t\t\t\t<div class=\"elementor-element elementor-element-1d2f66f elementor-widget elementor-widget-wdes-forms-widget\" data-id=\"1d2f66f\" data-element_type=\"widget\" data-widget_type=\"wdes-forms-widget.default\">\n\t\t\t\t<div class=\"elementor-widget-container\">\n\t\t\t        <div class=\"domain-element-wdes\">\n            <div id=\"wdes-domain-search\">\n                <form id=\"wdes-domain-form\" class=\"domain-search-area-main\" method=\"post\" action=\"https:\/\/whmcsdes.com\/ca\/domainchecker.php\" data-setting=\"{&quot;spinnerIcon&quot;:&quot;fas fa-circle-notch&quot;,&quot;suggestionsSpinnerIcon&quot;:&quot;fas fa-circle-notch&quot;,&quot;whois_button&quot;:&quot;&quot;,&quot;transfer_button&quot;:&quot;yes&quot;}\">\n                    <div class=\"domain-form-wrapper\">\n                        <div class=\"wdes-domain-input-wrapper\">\n                                                        <input type=\"hidden\" name=\"token\" value=\"0811bf819565bf8142cc613d099e85a27ec1204c\"\/>\n                            <input id=\"wdes-domain\" class=\"sea-dom\" type=\"search\" name=\"domain\" placeholder=\"ejemplo.com\"\/>\n\n                            <input type=\"hidden\" id=\"wdes_lup\" name=\"wdes_lup\" value=\"lup-1\"\/>\n                        <\/div>\n                                                    <input id=\"wdes-search\" class=\"reg-dom\" type=\"submit\" value=\"Buscar\"\/>\n                        \n                        \n                    <\/div>\n                    <div id=\"dc-error-message-invalid\" class=\"d-none\">\n                        <i class=\"fas fa-exclamation-circle\"><\/i>\n                        <p class=\"text-h-warning\">Invalid domain name<\/p>\n                    <\/div>\n\n                    <div id=\"dc-error-message-unsupported\" class=\"d-none\">\n                        <i class=\"fas fa-exclamation-circle\"><\/i>\n                        <p class=\"text-h-warning\">We are not support this extension<\/p>\n                    <\/div>\n\n                    <div class=\"extensions-block\">\n\t\t\t\t\t\t\n\t\t\t\t\t\t\t\t\t\t\t\t\t\t\t\t\t\t\t\t\t\t\t                                    <a href=\"#\" class=\"block elementor-repeater-item-acce7bd inline\">\n\t\t\t\t\t\t\t\t\t\t\n\t\t\t\t\t\t\t\t\t\t\t\t\t\t\t\t\t\t\t\t\t\t\t                                                    <span class=\"domain-ext-name\">.com<\/span>\n\t\t\t\t\t\t\t\t\t\t\t\t\t\t\t\t\t\t\t\t\t\t\t\t\t\t\t\t\t\t\t\t\t\t                                            <div class=\"price-extention-domain-wdes\">\n\t\t\t\t\t\t\t\t\t\t\t\t                                                    <span class=\"dollar-sign-wdes \">&#036;<\/span>\n                                                    <span class=\"direct-price-extention-domain-wdes \">15.99<\/span>\n\t\t\t\t\t\t\t\t\t\t\t\t                                            <\/div>\n\t\t\t\t\t\t\t\t\t\t                                    <\/a>\n\t\t\t\t\t\t\t\t\t\t\t\t\t\t\t\t\t\t\t\t\t\t\t\t\t\t\t\t\t\n\t\t\t\t\t\t\t\t\t\t\t\t\t\t\t\t\t\t\t\t\t\t\t                                    <a href=\"#\" class=\"block elementor-repeater-item-9275b4b inline\">\n\t\t\t\t\t\t\t\t\t\t\n\t\t\t\t\t\t\t\t\t\t\t\t\t\t\t\t\t\t\t\t\t\t\t                                                    <span class=\"domain-ext-name\">.net<\/span>\n\t\t\t\t\t\t\t\t\t\t\t\t\t\t\t\t\t\t\t\t\t\t\t\t\t\t\t\t\t\t\t\t\t\t                                            <div class=\"price-extention-domain-wdes\">\n\t\t\t\t\t\t\t\t\t\t\t\t                                                    <span class=\"dollar-sign-wdes \">&#036;<\/span>\n                                                    <span class=\"direct-price-extention-domain-wdes \">15.99<\/span>\n\t\t\t\t\t\t\t\t\t\t\t\t                                            <\/div>\n\t\t\t\t\t\t\t\t\t\t                                    <\/a>\n\t\t\t\t\t\t\t\t\t\t\t\t\t\t\t\t\t\t\t\t\t\t\t\t\t\t\t\t\t\n\t\t\t\t\t\t\t\t\t\t\t\t\t\t\t\t\t\t\t\t\t\t\t                                    <a href=\"#\" class=\"block elementor-repeater-item-de7dd7c inline\">\n\t\t\t\t\t\t\t\t\t\t\n\t\t\t\t\t\t\t\t\t\t\t\t\t\t\t\t\t\t\t\t\t\t\t                                                    <span class=\"domain-ext-name\">.org<\/span>\n\t\t\t\t\t\t\t\t\t\t\t\t\t\t\t\t\t\t\t\t\t\t\t\t\t\t\t\t\t\t\t\t\t\t                                            <div class=\"price-extention-domain-wdes\">\n\t\t\t\t\t\t\t\t\t\t\t\t                                                    <span class=\"dollar-sign-wdes \">&#036;<\/span>\n                                                    <span class=\"direct-price-extention-domain-wdes \">15.99<\/span>\n\t\t\t\t\t\t\t\t\t\t\t\t                                            <\/div>\n\t\t\t\t\t\t\t\t\t\t                                    <\/a>\n\t\t\t\t\t\t\t\t\t\t\t\t\t\t\t\t\t\t\t\t\t\t\t\t\t\t\t\t\t\n\t\t\t\t\t\t\t\t\t\t\t\t\t\t\t\t\t\t\t\t\t\t\t                                    <a href=\"#\" class=\"block elementor-repeater-item-e767155 inline\">\n\t\t\t\t\t\t\t\t\t\t\n\t\t\t\t\t\t\t\t\t\t\t\t\t\t\t\t\t\t\t\t\t\t\t                                                    <span class=\"domain-ext-name\">.pe<\/span>\n\t\t\t\t\t\t\t\t\t\t\t\t\t\t\t\t\t\t\t\t\t\t\t\t\t\t\t\t\t\t\t\t\t\t                                            <div class=\"price-extention-domain-wdes\">\n\t\t\t\t\t\t\t\t\t\t\t\t                                                    <span class=\"dollar-sign-wdes \">&#036;<\/span>\n                                                    <span class=\"direct-price-extention-domain-wdes \">35.99<\/span>\n\t\t\t\t\t\t\t\t\t\t\t\t                                            <\/div>\n\t\t\t\t\t\t\t\t\t\t                                    <\/a>\n\t\t\t\t\t\t\t\t\t\t\t\t\t\t\t\t\t\t\t\t\t\t\t\t\t\t\t\t\t                    <\/div>\n\n\t\t\t\t\t\n                    <div id=\"preloader-resource\" data-priority-tlds='[{\"tld\":\"domain-com\",\"price\":\"&#36;15.99\"},{\"tld\":\"domain-net\",\"price\":\"&#36;15.99\"},{\"tld\":\"domain-org\",\"price\":\"&#36;15.99\"},{\"tld\":\"domain-pe\",\"price\":\"&#36;35.99\"}]' data-priority-local-tlds='[]'><\/div>\n                    <!-- Result section-->\n                    <div id=\"wdes-domain-results\" class=\"domain-results-box\">\n                        <!-- Modal -->\n                        <div id=\"wdesDomainWhois\" class=\"modal micromodal-slide\" aria-hidden=\"true\">\n                            <div class=\"modal__overlay\" tabindex=\"-1\" data-micromodal-close>\n                                <div class=\"modal__container\" role=\"dialog\" aria-modal=\"true\" aria-labelledby=\"wdesDomainWhois-title\">\n                                    <header class=\"modal__header\">\n                                        <h2 class=\"modal__title\" id=\"wdesDomainWhoisLabel\">Domain Whois Lookup<\/h2>\n                                        <button class=\"modal__close\" data-micromodal-close aria-label=\"Close this dialog window\"><\/button>\n                                    <\/header>\n                                    <main class=\"modal__content\" id=\"wdesDomainWhois-content\"><\/main>\n                                <\/div>\n                            <\/div>\n                        <\/div>\n                    <\/div>\n\n                    <\/form><\/div><\/div><\/div><\/div><\/div><\/div><\/div><\/section><\/div><\/div><\/div><\/section><\/div> <a href=\"https:\/\/papestro.com\/#more-1650\" class=\"more-link elementor-more-link\"><span aria-label=\"Sigue leyendo Home2\">option section<\/span><\/a>","protected":false},"excerpt":{"rendered":"<p>P\u00e1ginas Web, Tiendas Online, Hosting &#038; Email Comience r\u00e1pida y f\u00e1cilmente con su propia P\u00e1gina Web o Tienda Online Encuentre Tu Dominio Cree su identidad en l\u00ednea con el nombre de dominio perfecto. Invalid domain name We are not support this extension .com &#036; 15.99 .net &#036; 15.99 .org &#036; 15.99 .pe &#036; 35.99 Domain [&hellip;]<\/p>\n","protected":false},"author":1,"featured_media":0,"parent":0,"menu_order":0,"comment_status":"closed","ping_status":"closed","template":"","meta":{"footnotes":""},"class_list":["post-1650","page","type-page","status-publish","hentry"],"_links":{"self":[{"href":"https:\/\/papestro.com\/index.php\/wp-json\/wp\/v2\/pages\/1650","targetHints":{"allow":["GET"]}}],"collection":[{"href":"https:\/\/papestro.com\/index.php\/wp-json\/wp\/v2\/pages"}],"about":[{"href":"https:\/\/papestro.com\/index.php\/wp-json\/wp\/v2\/types\/page"}],"author":[{"embeddable":true,"href":"https:\/\/papestro.com\/index.php\/wp-json\/wp\/v2\/users\/1"}],"replies":[{"embeddable":true,"href":"https:\/\/papestro.com\/index.php\/wp-json\/wp\/v2\/comments?post=1650"}],"version-history":[{"count":227,"href":"https:\/\/papestro.com\/index.php\/wp-json\/wp\/v2\/pages\/1650\/revisions"}],"predecessor-version":[{"id":8732,"href":"https:\/\/papestro.com\/index.php\/wp-json\/wp\/v2\/pages\/1650\/revisions\/8732"}],"wp:attachment":[{"href":"https:\/\/papestro.com\/index.php\/wp-json\/wp\/v2\/media?parent=1650"}],"curies":[{"name":"wp","href":"https:\/\/api.w.org\/{rel}","templated":true}]}}